 remainder when 7392 is divided by 145.
142
Calculate the remainder when 21 is divided by 3.
0
What is the remainder when 2723 is divided by 130?
123
Calculate the remainder when 783 is divided by 389.
5
Calculate the remainder when 832 is divided by 31.
26
What is the remainder when 138 is divided by 28?
26
What is the remainder when 52 is divided by 7?
3
What is the remainder when 1532 is divided by 193?
181
Calculate the remainder when 466 is divided by 58.
2
Calculate the remainder when 101 is divided by 35.
31
What is the remainder when 3724 is divided by 138?
136
What is the remainder when 412 is divided by 18?
16
Calculate the remainder when 271 is divided by 36.
19
What is the remainder when 186 is divided by 47?
45
Calculate the remainder when 185 is divided by 166.
19
What is the remainder when 745 is divided by 22?
19
What is the remainder when 445 is divided by 90?
85
Calculate the remainder when 59 is divided by 20.
19
What is the remainder when 127 is divided by 109?
18
What is the remainder when 112 is divided by 16?
0
What is the remainder when 659 is divided by 264?
131
What is the remainder when 108 is divided by 22?
20
What is the remainder when 279 is divided by 73?
60
Calculate the remainder when 3563 is divided by 31.
29
Calculate the remainder when 298 is divided by 15.
13
Calculate the remainder when 1464 is divided by 208.
8
Calculate the remainder when 114 is divided by 33.
15
Calculate the remainder when 190 is divided by 12.
10
Calculate the remainder when 238 is divided by 29.
6
Calculate the remainder when 51 is divided by 11.
7
Calculate the remainder when 175 is divided by 30.
25
Calculate the remainder when 77 is divided by 13.
12
Calculate the remainder when 264 is divided by 65.
4
Calculate the remainder when 836 is divided by 263.
47
Calculate the remainder when 54 is divided by 1.
0
Calculate the remainder when 32 is divided by 14.
4
What is the remainder when 620 is divided by 167?
119
What is the remainder when 311 is divided by 172?
139
Calculate the remainder when 1418 is divided by 353.
6
What is the remainder when 2947 is divided by 59?
56
What is the remainder when 50272 is divided by 189?
187
What is the remainder when 69 is divided by 62?
7
What is the remainder when 9018 is divided by 96?
90
Calculate the remainder when 538 is divided by 12.
10
Calculate the remainder when 1227 is divided by 89.
70
Calculate the remainder when 28 is divided by 17.
11
Calculate the remainder when 359 is divided by 35.
9
What is the remainder when 153 is divided by 11?
10
What is the remainder when 90 is divided by 42?
6
Calculate the remainder when 2685 is divided by 12.
9
Calculate the remainder when 4516 is divided by 101.
72
What is the remainder when 73 is divided by 29?
15
Calculate the remainder when 5183 is divided by 192.
191
Calculate the remainder when 437 is divided by 49.
45
What is the remainder when 101 is divided by 14?
3
What is the remainder when 119 is divided by 64?
55
What is the remainder when 1677 is divided by 40?
37
What is the remainder when 351 is divided by 112?
15
What is the remainder when 466 is divided by 140?
46
What is the remainder when 759 is divided by 40?
39
What is the remainder when 364 is divided by 91?
0
Calculate the remainder when 909 is divided by 7.
6
What is the remainder when 511 is divided by 9?
7
What is the remainder when 433 is divided by 21?
13
What is the remainder when 177 is divided by 12?
9
Calculate the remainder when 97 is divided by 28.
13
What is the remainder when 305 is divided by 79?
68
Calculate the remainder when 363 is divided by 356.
7
Calculate the remainder when 11389 is divided by 3787.
28
What is the remainder when 163 is divided by 34?
27
What is the remainder when 2079 is divided by 131?
114
Calculate the remainder when 903 is divided by 299.
6
Calculate the remainder when 304 is divided by 66.
40
What is the remainder when 1739 is divided by 133?
10
Calculate the remainder when 251 is divided by 67.
50
Calculate the remainder when 64 is divided by 56.
8
What is the remainder when 1022 is divided by 47?
35
What is the remainder when 5609 is divided by 31?
29
Calculate the remainder when 191 is divided by 4.
3
What is the remainder when 1050 is divided by 8?
2
Calculate the remainder when 466 is divided by 26.
24
Calculate the remainder when 1234 is divided by 59.
54
What is the remainder when 1118 is divided by 11?
7
What is the remainder when 95 is divided by 17?
10
What is the remainder when 317 is divided by 10?
7
Calculate the remainder when 604 is divided by 19.
15
What is the remainder when 51 is divided by 14?
9
What is the remainder when 374 is divided by 8?
6
Calculate the remainder when 3135 is divided by 314.
309
Calculate the remainder when 187 is divided by 7.
5
Calculate the remainder when 220 is divided by 106.
8
Calculate the remainder when 1201 is divided by 43.
40
Calculate the remainder when 101 is divided by 22.
13
Calculate the remainder when 341 is divided by 303.
38
What is the remainder when 295 is divided by 30?
25
What is the remainder when 557 is divided by 28?
25
What is the remainder when 1498 is divided by 50?
48
Calculate the remainder when 4345 is divided by 53.
52
What is the remainder when 2742 is divided by 38?
6
What is the remainder when 478 is divided by 97?
90
What is the remainder when 749 is divided by 52?
21
Calculate the remainder when 24699 is divided by 15.
9
Calculate the remainder when 11176 is divided by 243.
241
What is the remainder when 1535 is divided by 16?
15
Calculate the remainder when 163 is divided by 51.
10
What is the remainder when 2333 is divided by 57?
53
What is the remainder when 1495 is divided by 124?
7
What is the remainder when 285 is divided by 141?
3
Calculate the remainder when 81 is divided by 6.
3
Calculate the remainder when 1104 is divided by 44.
4
Calculate the remainder when 68 is divided by 11.
2
Calculate the remainder when 60 is divided by 2.
0
Calculate the remainder when 266 is divided by 11.
2
What is the remainder when 1639 is divided by 86?
5
What is the remainder when 258 is divided by 45?
33
What is the remainder when 414 is divided by 136?
6
Calculate the remainder when 53 is divided by 2.
1
What is the remainder when 1496 is divided by 45?
11
Calculate the remainder when 624 is divided by 70.
64
What is the remainder when 333 is divided by 21?
18
Calculate the remainder when 53 is divided by 10.
3
Calculate the remainder when 198 is divided by 41.
34
Calculate the remainder when 207 is divided by 27.
18
What is the remainder when 2223 is divided by 280?
263
Calculate the remainder when 13804 is divided by 118.
116
Calculate the remainder when 631 is divided by 184.
79
What is the remainder when 129 is divided by 42?
3
Calculate the remainder when 68 is divided by 22.
2
What is the remainder when 94 is divided by 33?
28
Calculate the remainder when 544 is divided by 45.
4
Calculate the remainder when 257 is divided by 42.
5
What is the remainder when 309 is divided by 5?
4
What is the remainder when 818 is divided by 165?
158
What is the remainder when 50999 is divided by 85?
84
What is the remainder when 580 is divided by 177?
49
What is the remainder when 950 is divided by 142?
98
Calculate the remainder when 366 is divided by 96.
78
Calculate the remainder when 359 is divided by 75.
59
What is the remainder when 2727 is divided by 130?
127
What is the remainder when 39174 is divided by 9?
6
What is the remainder when 35 is divided by 28?
7
Calculate the remainder when 3039 is divided by 21.
15
What is the remainder when 15602 is divided by 83?
81
Calculate the remainder when 3056 is divided by 12.
8
Calculate the remainder when 485 is divided by 67.
16
What is the remainder when 84 is divided by 20?
4
What is the remainder when 119 is divided by 42?
35
What is the remainder when 634 is divided by 87?
25
What is the remainder when 141 is divided by 42?
15
Calculate the remainder when 4041 is divided by 13.
11
What is the remainder when 285 is divided by 36?
33
Calculate the remainder when 736 is divided by 52.
8
What is the remainder when 187 is divided by 51?
34
What is the remainder when 235 is divided by 25?
10
Calculate the remainder when 147 is